-33 + 27. Let u be (-6)/12 - 39/w. What is the highest common divisor of u and 18?
6
Let c(r) = 23*r + 747. Let l be c(-11). What is the highest common divisor of 19 and l?
19
Let f = 4 + -4. Suppose 0*t - 3*t + 42 = f. What is the greatest common factor of t and 126?
14
Let y(d) = 2*d**2 + 5*d + 8. Let a be y(-6). Suppose k - 2*k = 2*u + 62, -4*k - 2*u - 242 = 0. Let v = k + 80. Calculate the greatest common factor of a and v.
10
Let l be 46674/66 + (-6)/33 + 0. Calculate the greatest common divisor of l and 7.
7
Let k(h) = 239*h + 315. Let l be k(7). Calculate the greatest common divisor of 28 and l.
28
Let t = -269 + 609. Calculate the highest common factor of t and 17.
17
Let g = 74 - 56. Suppose 6*t - 15*t + 648 = 0. Calculate the highest common factor of t and g.
18
Let c be (147/28)/1*20. Calculate the greatest common factor of 21 and c.
21
Let w be (27/18)/(1/6). Let j(d) = -6 + 11*d - 14*d + w + 12. Let o be j(-11). What is the greatest common factor of o and 16?
16
Let k = -1067 + 1151. Calculate the greatest common divisor of k and 30.
6
Let t = -37 - -52. Suppose o - 6*o = t. Let i be -4 + (183 - 0) + o. Calculate the highest common factor of 22 and i.
22
Suppose -72*g - 448 + 2032 = 0. Calculate the highest common factor of 1034 and g.
22
Suppose -4*q = 5*s - 98, -1801 = 3*s + 3*q - 1858. Let r be 1/3 + 164/3. Calculate the highest common factor of r and s.
11
Suppose 0*t + 5*t = 280. Suppose 6463 + 8489 = 178*v. Calculate the highest common divisor of t and v.
28
Let i = -28 - -67. What is the highest common divisor of 26 and i?
13
Suppose 72 = 32*d - 28*d. Let t be 677/5 + 6/(-15). Suppose r = -4*r + t. What is the highest common factor of r and d?
9
Let l(c) be the third derivative of c**4/24 + 7*c**3/6 - 33*c**2. Let r be l(-1). What is the highest common divisor of r and 30?
6
Suppose -2*q - 5*f + 199 = -8*f, -5*q + 5*f = -505. What is the greatest common divisor of q and 4?
4
Suppose 10 = 5*l - 0*l. Suppose -6*q - l*q = -176. Calculate the highest common factor of 22 and q.
22
Let g(c) = 136*c**2 + 4*c + 1. Let y = 15 + -16. Let p be g(y). What is the highest common divisor of 19 and p?
19
Let b = 475 + -727. Let w be (b/112)/((2/(-32))/1). What is the highest common factor of 8 and w?
4
Let i = 136 + -89. Suppose -4*z = -231 - 145. Calculate the highest common divisor of z and i.
47
Suppose -6*y + 2*y - 4 = 0, -4*y - 64 = -3*m. Let j be (-30)/12*m/(-2). Calculate the highest common divisor of 200 and j.
25
Suppose 0 = 2*l - 5*g - 95, -3*g = 4*l - 4*g - 163. What is the highest common divisor of 160 and l?
40
Suppose 4*g + 18 = 254. Calculate the greatest common factor of 236 and g.
59
Let i = 73 + -17. Suppose 2*v - 25 = -3*v + 4*y, v + 24 = -5*y. Let m be ((-28)/10*v)/((-3)/15). What is the greatest common divisor of m and i?
14
Suppose -5*j + g = -697, 4*j - 173*g + 178*g - 575 = 0. What is the highest common divisor of j and 60?
20
Let x = -3964 - -4012. Let r(q) = 35*q**2 + 1. Let d be r(-1). Suppose o + d = 4*o. What is the greatest common divisor of o and x?
12
Let u be (12/(-10))/(3/80*-2). What is the greatest common factor of 100 and u?
4
Suppose -5*l + 45 = -5*p, 3*l - 159*p = -163*p + 20. What is the highest common factor of 776 and l?
8
Suppose 0 = -13*f + 14*f - 2. Suppose b - 5*s = 114, 0*b - 2*b + f*s = -204. What is the highest common divisor of b and 11?
11
Let z be (-1 + 2)/(9/3762). Let q be z/4 + 4/8. What is the greatest common divisor of q and 42?
21
Let b = -60 + 108. Suppose 4*h - 7 = 2*u - 1, -3*h = -5*u + 13. Suppose -3*x + 30 = u*g - 0*x, -30 = -5*g - 2*x. What is the highest common factor of b and g?
6
Suppose 7*j = 2*j - 1455. Let n = j + 701. Suppose -2*p - 1 = -11, -3*m = -2*p - n. What is the greatest common factor of 28 and m?
28
Suppose -5*o = -8*o + 15. Suppose -o*r - l = -222, r + 123 = 4*r + 4*l. Calculate the greatest common divisor of 5 and r.
5
Suppose 9570 = 15*v - 6180. What is the greatest common factor of 84 and v?
42
Let y(g) = 2*g + 11. Let d = 3 + -3. Let j be y(d). Calculate the highest common divisor of j and 66.
11
Suppose 2*v = -5*a + 31, 4*v - 4*a + 0 = -8. Suppose 3*f - 66 = -3*j, v*j = 4*f - 2*j - 70. Calculate the greatest common factor of f and 40.
20
Let o = 188 - 156. Suppose -240 = -2*c + o. What is the greatest common factor of 34 and c?
34
Let a = 156 - 136. Calculate the highest common divisor of 110 and a.
10
Suppose d - 4*n = -7*n + 37, 4*d - 4*n - 132 = 0. What is the greatest common divisor of 17 and d?
17
Let w(q) = 4*q + 1. Let b be w(0). Let l = 209 + b. Let j = -64 + 94. Calculate the greatest common factor of j and l.
30
Suppose 58*t - 516 = 15*t. Calculate the highest common divisor of t and 42.
6
Let s be 1205/45 + 4/18. Let f = s + -26. Let t be -25*f/(15/(-78)). What is the highest common factor of t and 52?
26
Let u(y) = -y**3 - 7*y**2 - 8*y + 8. Let w be u(-6). What is the highest common divisor of w and 35?
5
Let n = -222 + 392. What is the highest common factor of n and 34?
34
Let i be (-4)/(3/171*-3). Let z = i + -47. Calculate the greatest common divisor of 87 and z.
29
Let n = -164 - -109. Let c = n + 215. Suppose 0*g - 5*y = -4*g + 133, -3*y = -3*g + 99. What is the greatest common divisor of g and c?
32
Let y = 52097 + -52017. Let q(i) = -i**3 - 6*i**2 - 8*i. Let z be q(-6). Calculate the greatest common divisor of z and y.
16
Let d(y) = y**2 - 8*y - 4. Let z be d(7). Let q = z - -7. Let s be (-53)/q - (-18)/24. What is the greatest common divisor of s and 35?
7
Suppose -1963 - 273 = -2*n + 2*x, 0 = 5*n + 5*x - 5610. What is the greatest common factor of n and 210?
70
Let f = -390 - -662. Calculate the highest common divisor of 16 and f.
16
Let k(w) = w**3 + 4*w**2 - 3*w + 3. Let o be k(-4). Suppose -2*y + 76 = 4*f, -5*y + 211 - 65 = -f. What is the greatest common divisor of o and y?
15
Let v be 172/602 + 1/(21/1380). What is the highest common divisor of v and 572?
22
Let q(s) = -s**2 - 10. Let o be q(10). Let u = 154 + o. What is the greatest common factor of u and 4?
4
Let w = 362 - 252. What is the greatest common divisor of 20 and w?
10
Suppose 0 = -t - 3*f - 16, 4*t + 5*f + 32 = t. Let r be (-5)/(-2) + t/8. Let q = 13 + r. Calculate the greatest common divisor of 165 and q.
15
Suppose 4*f = 5*a - 28146, 4*f + 840 = 4*a - 21680. Calculate the greatest common factor of a and 58.
58
Suppose 24 = 4*g - k + 68, 0 = -3*k - 12. Let c be (g/(-8) - 1)*78. What is the greatest common divisor of c and 13?
13
Suppose -7*x - 4*p = -12*x + 241, -3*x - 2*p = -127. Suppose 0 = 4*l - 3*d - 20, 0*l + 15 = 3*l - 4*d. Calculate the highest common divisor of l and x.
5
Let c = -207 - -237. Let z = -17 + -15. Let h be z/(-6) - 4/(-6). Calculate the greatest common divisor of c and h.
6
Let o = 3 + 3. Suppose 0 = -2*f - o, f - 2*f = 2*g - 85. Let b be ((-42)/(-2) - 1) + 0 + 2. What is the highest common divisor of b and g?
22
Let r be ((-2)/(-2))/(1003/(-204) - -5). Calculate the highest common factor of r and 9.
3
Let g(i) be the third derivative of -19*i**6/60 - i**5/60 + 6*i**2. Let d be g(-1). Let n = d - -18. Calculate the highest common divisor of n and 5.
5
Suppose -11*p + 823 + 717 = 0. What is the greatest common factor of p and 56?
28
Let j = 137 + 142. Calculate the greatest common divisor of j and 9.
9
Suppose 6*c - 4*c = 60. Suppose -l - 2*l = -c. Let b = -5 + l. Calculate the greatest common divisor of 50 and b.
5
Let p(t) = 4*t - 12. Let n = 7 + 2. Let w be p(n). Let a be (5 + 18/(-5) - 1)*40. Calculate the greatest common factor of w and a.
8
Let x(z) = -39*z - 159. Let i be x(-7). Calculate the greatest common factor of i and 266.
38
Let u be (-2)/(-1 - (-30)/34). Let x(k) = 8*k**2 - 5*k - 6. Let v be x(-1). Let w be (v - 155/10)/(2/(-4)). Calculate the greatest common factor of w and u.
17
Suppose -16 = -2*q - 3*l, 5*q + l - 63 = -23. Suppose q*f = 3*f + 650. What is the greatest common divisor of f and 13?
13
Suppose d - 5 = b + 4*b, 3*d = 3*b + 3. Let c be (-3 + 1 + 2)*b. Suppose 2*v - 219 - 53 = c. Calculate the greatest common factor of v and 34.
34
Let u be 37/6*(5 - (-3 - -2)). What is the highest common factor of 3 and u?
1
Let l = 9 + -477. Let b be ((-1)/2)/(26/l). What is the highest common factor of 3 and b?
3
Let m be ((-6